3*u**2 + 14*u**2 + 20*u**2. Let p(q) = -j(q) + z(q). Let d = -1 + 1. Determine p(d).
-13
Let l(j) be the second derivative of -2*j + 0 - 5/2*j**2 - 1/3*j**3. Let z be (15/9)/(10/(-36)). What is l(z)?
7
Let g(l) = l**3 - l**2 - 7*l - 1. Suppose -6*j + x - 5 = -7*j, x - 11 = -3*j. Give g(j).
-4
Let z(l) = -l**3 - l**2 + l. Suppose 3*o + 5*p + 0 = -31, -5*o = -4*p - 10. Let h be z(o). Let b(c) = c**h + 2*c**2 - 3 + 5*c - 2*c**2 + 6. Give b(-5).
3
Let s(q) = q**2 + 6*q + 2. Let f = 0 - -2. Suppose -2*t + 1 = -3*v + 3, 2*t - 18 = -f*v. Suppose -t*o = 4*b - 0 + 45, -3*b - 4*o = 35. What is s(b)?
-3
Let q = 40 + -28. Suppose -8 = -4*r - q. Let y(h) = -5*h**3 + h**2 + 2*h + 1. What is y(r)?
5
Let l(g) = -8*g + 19. Let o be l(2). Let a(c) be the first derivative of c**4/2 - 5*c**3/3 + c**2/2 + 3*c + 1. What is a(o)?
15
Let w(d) = -d**2 - 7*d + 4. Let z be (-2)/((-5)/(-220)*11). What is w(z)?
-4
Let x(j) = 44*j**2 - 439*j - 9. Let d be x(10). Let s(l) = -12*l**3 + 2*l**2 - l. Calculate s(d).
-11
Let f(m) be the third derivative of m**6/120 - m**5/20 - m**4/12 - m**3/3 + 31*m**2. Let l be (-1 - 3)/(-6 - -5). Determine f(l).
6
Let x(j) = -j + 5. Let d be x(4). Let v(w) = 2*w. Suppose -7*i = -11*i - 16. Let u(l) = 3*l. Let p(g) = i*u(g) + 5*v(g). Determine p(d).
-2
Suppose -5*a + 61 = 211. Let g be a/(-40) + (-34)/(-8). Let p(c) = -c**2 + 6*c - 5. Calculate p(g).
0
Let m(x) = x**2 - 8*x + 5. Let j be ((-52)/6)/(6/(-9)). Suppose 0 = -i + 19 - j. Calculate m(i).
-7
Let g(b) = b**2 + 10*b + 10. Suppose -7*d + 504 = 7*d. Suppose -d = -76*f + 80*f. Give g(f).
1
Let z(s) be the third derivative of 0*s + 1/3*s**3 + 0 + 1/60*s**5 + 5*s**2 + 0*s**4. Calculate z(-3).
11
Let a(q) = -24 - 32 + 2*q + 40. What is a(9)?
2
Let b(g) = 7*g**2 - 7*g + 3. Let w(f) = 6*f**2 - 6*f + 3. Let v(s) = 5*b(s) - 6*w(s). Let r be 0/(3 + -1) - 2. Let y be -9*((-4)/(-6))/r. Determine v(y).
-9
Let f(x) = -x**2 - 2*x + 2. Let a(t) = 4*t**2 + 8*t - 7. Suppose d + 7 = -2. Let v(q) = d*f(q) - 2*a(q). Let m be -1 - 9/(6/2). Determine v(m).
4
Suppose 3 = -r - 3. Let a(c) = c**3 + 7*c**2 + 3*c + 10. Let n be a(-7). Let f = n - r. Let l(v) = v + 1. What is l(f)?
-4
Let c(k) be the third derivative of k**5/60 + 5*k**4/12 + 17*k**3/6 - 10*k**2 - 13*k. Calculate c(-7).
-4
Let v be 980/238 + 6/(-51). Let u(b) = -6 + 3*b + 18*b**2 - 26*b**2 + 10*b**2 - b**3. What is u(v)?
-26
Let j(u) = -u - 5*u - 111 + u + 115. Determine j(-4).
24
Let g be ((-10 + 27)/34)/((-1)/(-34)). Let c(h) = -2*h**2 + 36*h - 34. Determine c(g).
0
Let i(q) = -q**2 - q + 4. Let w be i(-2). Let m(v) = -18*v + 3*v**w + 5 + v**3 + 3*v**2 + 24*v + 0*v**2. Let b be 20/(-12)*3/1. Give m(b).
0
Let s = -10 + 28. Suppose -86 = 4*f - 2*m, 0*f - 2*f - 4*m - s = 0. Let u = 21 + f. Let l(p) = 3*p - 2. What is l(u)?
4
Let s(z) = -z**3 - z**2 + 4*z - 3. Suppose -2*r + 16 = 4*y, y + y = -4*r + 14. Give s(r).
-7
Let h(n) = -6*n**3 + 1. Let u be h(1). Let b = -42 - -44. Let v(a) = a**b + 13*a + 3 - 9*a - 5. Determine v(u).
3
Let t be 34/2 + -3 + 1 + 0. Let o = -8 + t. Let p(a) = a**2 - 9*a + 10. Give p(o).
-4
Let w(x) = -4*x**2 - 6*x + 5. Let k(n) = -10*n**2 - 17*n + 14. Let t(d) = 3*k(d) - 8*w(d). What is t(5)?
37
Let j(o) = -o**2 + 5*o - 8. Let q(s) = -s - 1. Let z(c) = -j(c) + 3*q(c). Calculate z(6).
-7
Suppose 2*z - 5*y - 24 = 0, -y + 4*y = 0. Let g(t) = -t + 11 - 4*t - z + 2*t. Determine g(1).
-4
Suppose -13 = -i - 3*d, 6 + 4 = 2*d. Let r(k) = -3*k - 5. Calculate r(i).
1
Let x(c) = -4*c - 55. Let j be x(-15). Suppose j*a - 1 = 4*p - 4, -2*p = 3*a + 15. Let g(n) = n**2 + 3*n - 4. What is g(a)?
-4
Let b(g) = 3*g - 4. Suppose k - 13 = -8. Suppose -5*a + k = -4*a - 4*y, 3*a - 15 = 3*y. Let c be (0 + a)*6/10. Give b(c).
5
Let s(n) = 15*n - 1. Let k(m) = -13*m. Let j(q) = 6*k(q) + 5*s(q). Calculate j(-7).
16
Let n(c) be the third derivative of 5*c**4/24 - c**3/2 + 35*c**2. Determine n(3).
12
Let s(k) = -2*k**3 + 3*k**2 - 2*k + 1. Let j be -6 - -4 - 107*-1*2. Suppose 15 = -j*n + 217*n. Determine s(n).
-32
Suppose 4*d + 2 = -j, -4*j - d = -0*j + 8. Let f be 8/25*5 + 2/5. Let v(n) = -f + 2 + 36*n - 37*n. What is v(j)?
2
Let i(r) be the second derivative of -r**4/6 + r**3/2 + 2*r**2 - 255*r. Suppose -2*f + 5 = 3*f. Let x = f + 2. Give i(x).
-5
Suppose 0*x - 5*x = -5*a + 10, -2*x - 3*a + 21 = 0. Suppose 6*q = q + 25. Let p(c) = -c**2 - 3*c + c**3 + c + q*c**3 - 5*c**x. Give p(-2).
-8
Let h = 7 + -2. Let k(m) be the second derivative of -1/6*m**3 - m**2 + 0 - 4*m. Give k(h).
-7
Let t be -6*(11 + (-469)/42). Let g(x) = x**3 - x**2 - 1. Let y(p) = -p**3 - 4*p**2 + 2*p - 4. Let d(c) = 3*g(c) - y(c). Give d(t).
4
Let m be (1 - (6 + -4))*-1. Let v be (-2)/(-1 - -1 - -2). Let f(r) = -1. Let w(p) = 6*p**3 - p**2 + 2. Let k(n) = v*w(n) - f(n). Determine k(m).
-6
Let f = 130 - 80. Suppose -5*h - f = 5*z, -h - 4*z - 42 + 17 = 0. Let l(s) = s + 2. Determine l(h).
-3
Let y = 91 + -90. Suppose 3*b + 1 = -r, -3*b - y - 10 = -4*r. Let v(s) = -21*s + 1. Give v(b).
22
Let u(h) be the second derivative of 12*h + 1/8*h**4 + 0 + 3*h**2 - 1/6*h**3. Let c(k) be the first derivative of u(k). Give c(3).
8
Let h(i) = -4*i + 5. Suppose 0 = 5*j - 10*j + 20. Suppose -21*k + j = -20*k. Determine h(k).
-11
Let c(v) be the third derivative of v**4/24 + 5*v**3/6 - 5*v**2. Let t be c(-5). Let x(o) = 5 - 3 + t - o + 0. What is x(6)?
-4
Let t(l) be the third derivative of 1/12*l**4 + 0 - 7*l**2 + 0*l - 2/3*l**3. Calculate t(6).
8
Let t be (-1)/2*(24 + -26). Let o(d) be the third derivative of d**4/3 + d**2. Calculate o(t).
8
Let t be (-114)/14 + (-4)/(-28). Let m(q) = 6*q**2 + 12*q + 4. Let w(n) = n**2 + n + 1. Let k(d) = -m(d) + 5*w(d). Determine k(t).
-7
Suppose i = -1 - 0. Let r(o) be the third derivative of 7*o**5/120 - o**3/3 - 2*o**2. Let w(m) be the first derivative of r(m). What is w(i)?
-7
Let w(d) be the first derivative of d**3/3 + 5*d**2/2 + 7*d - 37. Calculate w(-5).
7
Let v(q) = -210*q**3 - 2*q**2 + 211*q**3 - 2 + 4. Give v(2).
2
Let q = -189 - -193. Let y(g) = -g**3 + 4*g**2 - 3*g. What is y(q)?
-12
Let f(p) = -10*p - 85. Let q be f(-8). Let t(n) = -n**2 - 8*n - 7. Determine t(q).
8
Suppose 46*y = 35*y + 44. Let z be (-1)/(4/(-6))*2. Suppose y*k = -5 - z. Let d(w) = 2*w**2 + 2*w - 2. Give d(k).
2
Suppose 3*c + 5*b = 3, -5 = 2*c - 7*c + 3*b. Let o(n) = 3*n. Calculate o(c).
3
Let u = -32 + 41. Suppose -3*n + 30 = 2*n + 5*i, -4*n + i = -u. Let z(y) = -1 - y**3 + y + n*y - 9*y**2 + y**2 + 4*y**2. Calculate z(-4).
-17
Let g(z) = z**3 - 8*z**2 + z + 8. Let n be (-81)/(-12) + 40/160. Give g(n).
-34
Let f(s) be the third derivative of 0*s + 2/3*s**3 - 1/24*s**4 + 0 + 4*s**2. Determine f(-4).
8
Let r(c) = -104 + c**2 + 105 - c**2 - 2*c**2 + 3*c. Determine r(5).
-34
Let i(c) be the second derivative of -c**3/6 + 5*c**2 - 64*c. Determine i(11).
-1
Let d(l) = -3*l**2 + 5*l - 2. Let b(s) = 2*s**2 - 5*s. Let m(f) = 4*b(f) + 3*d(f). Calculate m(-6).
-12
Suppose 0 = -554*x + 560*x - 72. Let p(h) = 4*h - 50. What is p(x)?
-2
Let l(u) = u**3 + u**2 - 4*u + 3. Let z be (-3 + 14/6)/((-4)/114). Let f = 21 - z. Determine l(f).
7
Let i(f) = -12 + 10 - 15*f + 12*f. Let y be (-7 - -18)*(2 - 1). Let d = y + -13. What is i(d)?
4
Let y(v) be the second derivative of 5/2*v**2 - 1/3*v**3 + 7*v + 0. What is y(4)?
-3
Let l(v) = -v**3 - 3*v**2 + 4*v + 4. Let i be ((-28)/(-49))/((-18)/(-21))*-3. Let f(n) = 1 - 4*n - 3 + n + n**3. Let t be f(i). Calculate l(t).
4
Suppose 4 = -a + 8, -5*h - a = -4. Let z(f) be the second derivative of h + 7*f + 3/2*f**2 - 1/6*f**3. Give z(2).
1
Let f(q) = -5*q**3 - 43338*q + 4*q**2 + 43336*q + 2*q**3. Determine f(2).
-12
Let p(m) = -m**2 - 7*m. Let u(i) = 2*i**2 + 14*i. Let v(d) = 11*p(d) + 6*u(d). Let z(t) = -8*t**2 + 2*t. Let g be z(1). What is v(g)?
-6
Suppose 2*a = 3716 - 3708. Let r(z) = -z**2 - z + 9. What is r(a)?
-11
Let f be (8/(-6))/(3/9). Let w = 0 - f. Let c be 1*(-1 + 0/w). Let x(t) = -8*t**3 + t**2 + 2*t + 1. Calculate x(c).
8
Let b(k) be the second derivative of 5*k**4/12 - k**3/2 + k**2 + k. Let d = 1826 - 1824. Determine b(d).
16
Let h = 9 + 5. Let t be 48/21 - 4/h. Let q(i) = i - 1. Let b(g) = -g + 1. Let w(f) = t*b(f) + q(f). What is w(-6)?
7
Let l(f) = -3*f**2 - 4*f + 1. Suppose -h = -6*h - 160. Let b = h - -29. Calculate l(b).
-14
Let u(a) = a + 6. Su